100100011111001110001 (base 2) to base 4.
-10203321301
47325 (base 10) to base 4
23203131
What is 4520141 (base 6) in base 11?
146466
What is 160905 (base 10) in base 3?
22011201110
What is 2214135 (base 6) in base 12?
5434b
Convert 6415 (base 10) to base 2.
1100100001111
3601a7 (base 12) to base 3
1122021001001
What is -7a47 (base 12) in base 8?
-32427
What is 884529 (base 10) in base 3?
1122221100100
Convert 222402 (base 13) to base 16.
c47ac
Convert -61449 (base 14) to base 5.
-24442324
77b020 (base 13) to base 7
32665551
What is -6555646 (base 8) in base 11?
-aa2491
-11424a (base 13) to base 5
-101042132
Convert 2b6d33 (base 14) to base 10.
1517281
Convert 21210212102020 (base 3) to base 11.
2385372
86438 (base 10) to base 13
30461
What is 2833712 (base 11) in base 4?
102213132302
Convert df2d7 (base 16) to base 6.
31332035
What is -32567053 (base 8) in base 13?
-15b4927
Convert -213213 (base 13) to base 7.
-6420330
What is -10011100010111110 (base 2) in base 15?
-18ac7
What is 780871 (base 9) in base 10?
466543
15c62d (base 14) to base 16
ba891
-122101222211 (base 3) to base 13
-bcc4a
-10001010221 (base 4) to base 9
-1874355
836aa3 (base 11) to base 5
320413030
Convert -665523 (base 7) to base 11.
-80089
-b7c8a2 (base 15) to base 2
-100001011000001110000000
What is 6b613 (base 14) in base 10?
261873
What is 69256 (base 14) in base 3?
110222200220
Convert 8518b (base 16) to base 6.
15403523
What is 262287 (base 10) in base 7?
2141454
Convert -2c79d (base 16) to base 9.
-306804
10121212010 (base 3) to base 2
10001011010101001
2a79d (base 14) to base 10
105783
Convert -8423b (base 13) to base 2.
-111010000001100000
What is -115540121 (base 6) in base 16?
-222211
Convert -31777303 (base 8) to base 14.
-c95a83
13231010 (base 5) to base 7
1063333
Convert 35271c (base 13) to base 4.
10310023032
What is 58003 (base 12) in base 3?
12222012010
What is 504621 (base 10) in base 13?
1488c0
Convert -3ca82c (base 15) to base 7.
-33554445
15a338c (base 13) to base 12
2405116
-123323111 (base 4) to base 16
-1bed5
a02ebb (base 15) to base 2
11101000000011001110010
Convert 1a71893 (base 14) to base 5.
11333244004
-101201100010021 (base 3) to base 5
-2424220121
Convert 34107 (base 13) to base 12.
46933
What is 101100001101110001 (base 2) in base 11?
114081
-2aa48a (base 12) to base 13
-1c4104
Convert -1237d0 (base 15) to base 16.
-d5048
Convert -240201 (base 8) to base 16.
-14081
-2332102223 (base 4) to base 3
-1110121011222
-11322416 (base 9) to base 16
-5405ac
-1a55a6 (base 13) to base 6
-22200341
What is -1063543 (base 10) in base 7?
-12016465
What is bb5fa (base 16) in base 3?
1102222210021
Convert 1282208 (base 9) to base 3.
1022202020022
-6064a9 (base 12) to base 16
-16f341
Convert -135625 (base 15) to base 2.
-11100010111011100110
Convert -601538 (base 9) to base 3.
-200001121022
Convert -3ba8a (base 16) to base 7.
-2035266
Convert a02e0 (base 15) to base 10.
506910
-1405643 (base 7) to base 13
-67103
Convert 15217 (base 10) to base 11.
10484
Convert -3d0082 (base 16) to base 3.
-21112002222122
11011010000000010110111 (base 2) to base 7
114501562
What is -440ba78 (base 12) in base 7?
-215104454
Convert -232333112 (base 4) to base 13.
-697b5
What is 21200100122011 (base 3) in base 9?
7610564
What is 2507331 (base 9) in base 3?
2120021101001
20110112202 (base 3) to base 13
45bc0
-24304341 (base 6) to base 4
-2330030011
-14061656 (base 8) to base 13
-8705a0
Convert -11100011001120 (base 3) to base 13.
-629727
12010000110 (base 3) to base 8
304406
What is -13204212 (base 6) in base 4?
-1222202300
What is -4104312 (base 5) in base 2?
-10000001010011111
-17aa6 (base 11) to base 13
-b67c
What is 381290 (base 11) in base 2?
10010010111101100001
What is 52187 (base 10) in base 12?
2624b
Convert -10100001110010000110110 (base 2) to base 13.
-1137c86
What is -40599 (base 14) in base 6?
-3152323
-442604 (base 11) to base 3
-1022212200002
Convert 233231331033 (base 4) to base 15.
117158c
Convert 158c5 (base 13) to base 2.
1010000001100011
-11010100010111001101 (base 2) to base 9
-1565165
Convert 212004 (base 6) to base 2.
100001110000100
What is 15d628a (base 14) in base 5?
10222010132
Convert -7523063 (base 8) to base 9.
-3701277
What is -23110310011 (base 4) in base 11?
-1748593
Convert 2662158 (base 9) to base 2.
101100011111111010110
What is 164351341 (base 7) in base 9?
23130744
What is 10111100111101111100 (base 2) in base 3?
1110022202010
Convert -1010110011100110010100 (base 2) to base 5.
-1211122123
What is -12220221021 (base 3) in base 8?
-343561
Convert 62014 (base 11) to base 10.
90523
-15505 (base 7) to base 16
-110e
What is 2668306 (base 9) in base 6?
51203223
-34089 (base 12) to base 11
-48012
What is -58c68e (base 15) in base 3?
-21222121110222
Convert 12426a (base 11) to base 10.
195975
Convert 73330aa (base 11) to base 5.
11302311431
What is -1919ad2 (base 14) in base 6?
-1122310224
What is -1e04a (base 16) in base 11?
-84417
Convert -22412040 (base 5) to base 3.
-101012120120
130020030321 (base 4) to base 8
34101471
What is -5191234 (base 11) in base 15?
-c0bb90
-164853 (base 12) to base 5
-44201000
Convert -160727 (base 11) to base 10.
-249773
Convert 11021332131 (base 4) to base 14.
2727b7
18904d (base 15) to base 13
32aac6
What is 26409 (base 16) in base 5?
20003211
What is -ad30a8 (base 16) in base 10?
-11350184
What is -1115900 (base 14) in base 5?
-4034340020
What is 411114003 (base 5) in base 12?
680b33
What is -16088150 (base 9) in base 2?
-11110101000011101101101
Convert -10031321300 (base 4) to base 3.
-2002011111012
What is 1010022220211 (base 3) in base 6?
20443504
Convert -4e074 (base 16) to base 5.
-40211404
-54256a (base 11) to base 6
-30330350
Convert -150152 (base 8) to base 6.
-1051002
Convert 69c575 (base 15) to base 4.
103101302222
Convert 181b68 (base 16) to base 15.
2131a5
-2762501 (base 8) to base 9
-1417345
Convert -3000020 (base 9) to base 6.
-54101113
-110243434 (base 5) to base 2
-1110100101100101010
986725 (base 11) to base 15
211bec
-17822 (base 16) to base 3
-11220002022
What is -c744b (base 13) in base 2?
-1010111100111000010
What is -1412544 (base 7) in base 4?
-231331101
133001310 (base 4) to base 8
370164
-1228688 (base 9) to base 6
-22201255
What is -2cb3c (base 15) in base 2?
-100011001110011010
-33112102321 (base 4) to base 11
-22a89a0
186a6 (base 13) to base 15
e027
What is 200b4 (base 15) in base 9?
164107
-1000233033 (base 5) to base 8
-7367253
What is 324344420 (base 5) in base 13?
3a1857
Convert -b76282 (base 12) to base 13.
-7a3a8c
Convert -94636b (base 16) to base 10.
-9724779
Convert -5223150 (base 6) to base 8.
-754352
What is -2f47b9 (base 16) in base 10?
-3098553
What is -53796 (base 10) in base 4?
-31020210
10211010212211 (base 3) to base 4
13233221203
363324a (base 11) to base 2
11000001001001101110001
Convert 4050676 (base 8) to base 16.
1051be
What is -1001103333313 (base 4) in base 10?
-17121271
Convert 440241112 (base 5) to base 11.
1077453
aa866 (base 11) to base 10
160760
10e35b (base 16) to base 6
35415551
4383 (base 13) to base 15
2bbc
Convert -2644b7 (base 14) to base 16.
-141cb1
What is 1110120012022 (base 3) in base 11?
492073
What is 21124332 (base 5) in base 10?
176842
Convert 22bb69 (base 13) to base 14.
176d53
7110a6 (base 12) to base 16
1aec3e
Convert -2031452 (base 6) to base 7.
-554345
1403aa (base 12) to base 14
89186
-1ac374 (base 14) to base 13
-275c5b
What is -106a69a (base 11) in base 16?
-1c9690
-720dd8 (base 14) to base 16
-3aa8f2
Convert 6a972 (base 14) to base 8.
773330
128494 (base 15) to base 7
10360600
11144333 (base 6) to base 14
8c169
Convert 27d37 (base 14) to base 12.
490b9
What is -67a34 (base 15) in base 11?
-205764
What is -142421 (base 10) in base 14?
-39c8d
Convert -97778 (base 11) to base 3.
-21012210221
Convert 322031 (base 8) to base 3.
12110112011
What is 100130422 (base 6) in base 9?
3157185
What is -d3ba (base 16) in base 6?
-1054534
Convert -442b46 (base 12) to base 8.
-4103746
Convert -1333143 (base 5) to base 4.
-12222202
1302539 (base 10) to base 14
25c987
137153 (base 9) to base 15
19d29
24033432 (base 7) to base 4
20013010311
Convert 12100112012000 (base 3) to base 15.
3b2d13
Convert -33443223 (base 6) to base 10.
-1016799
20111333 (base 4) 